**5/120 + o**4/24 + o**3/3 - 2*o**2. Let a(s) be the first derivative of l(s). Let z = 11 - 13. Determine a(z).
-5
Let j(v) = -21*v + 12 + 5*v + 5 + 4. Let d(f) = 3*f - 4. Let i(r) = 11*d(r) + 2*j(r). Give i(1).
-1
Let g(h) = 2*h**3 - 2*h**2 + h - 2. Let v be g(2). Let u = 5 - v. Let c(s) = -s**2 - s. Give c(u).
-6
Let c(a) = -a**2 + 3*a + 3. Suppose -5*m = 2*y + 12, -4*y - 2 = 2. What is c(m)?
-7
Let h(r) = r**3 - 3*r**2 - 2*r - 3. Let v be 2 - (3/(-15) - (-42)/10). Give h(v).
-19
Let l = -2 - 4. Let b(o) be the first derivative of o**4/4 + 7*o**3/3 + 3*o**2 + 9*o + 4. Give b(l).
9
Let b(x) be the second derivative of -x**3/3 + x**2/2 + 9*x + 2. Let t(i) = i + 6. Let q be t(-5). Suppose q + 5 = 2*y. What is b(y)?
-5
Let o(q) be the second derivative of q**4/12 - 5*q**3/6 + q**2/2 - 39*q. Calculate o(8).
25
Let j(y) be the first derivative of -y**5/30 - y**4/8 + y**3/3 + 2. Let m(a) be the third derivative of j(a). Let b be ((-2)/3)/((-8)/(-36)). What is m(b)?
9
Let s(p) = -p**3 + 3*p**2 - 4*p + 4. Let m be s(2). Let z(b) = b**2 - 10. Give z(m).
-10
Let w(o) be the first derivative of -o**3/3 + 3*o**2 - 6*o - 31. Determine w(4).
2
Suppose -5 + 25 = -5*t. Let u(r) = -r - 4. Let k(m) = 3*m + 13. Let x(v) = 4*k(v) + 11*u(v). Calculate x(t).
4
Let k(c) be the first derivative of 4*c**3/3 - c - 22. Let n = 0 - -1. Calculate k(n).
3
Let z(f) = -8*f**2 - f + 1. Let a(j) = -j**2 - 7*j - 1. Let n be a(-6). Let w(u) = -u**3 - 7*u**2 + 2*u + 10. Let y be w(-7). Let d = y + n. What is z(d)?
-8
Let z(y) be the second derivative of 5/12*y**4 + y - 7/2*y**2 + 0 - 2/3*y**3 + 1/20*y**5. Determine z(-5).
13
Let c(k) = -k**2 + 4*k + 1. Let t be 8/(-28) - 144/(-14). Let m be 6/t + (-27)/(-5). Give c(m).
-11
Let g(v) = v**3 - 3*v**2 - 6*v + 4. Suppose 10 = -z + 5*z - 3*j, -2*z + 6 = -j. Calculate g(z).
-4
Let c be ((-3)/2)/(1/2). Let o(n) be the third derivative of n**4/24 - 2*n**3/3 - 2*n**2. Give o(c).
-7
Suppose -5*y = 2*t + 21, 2*t = 3*y - 9 + 28. Let a(s) = -t + 4 + 2*s**3 + 4*s - 3 - 3*s**3 - 3*s**2. Determine a(-4).
-1
Let n(v) = 1. Let l(z) = -z**2 - 5*z + 6. Let x(g) = l(g) - n(g). Calculate x(-4).
9
Suppose 2*y = -y. Suppose a + y = 1. Let g(i) be the first derivative of -3*i**2/2 - 3. What is g(a)?
-3
Let c = -60 + 55. Let t(p) = p + 1. Give t(c).
-4
Let b(h) = -3*h**2 - 2*h - 2. Let o(p) = -p**3 + 6*p**2 + 6*p + 5. Let f be o(7). What is b(f)?
-10
Let h(o) = 36*o - 17*o - 27*o + 9 + o**2. Give h(7).
2
Let w(t) = -3*t - 4 + 3*t + 3*t. Let c(j) = 2. Let m(v) = -v + 3. Let z(u) = 2*c(u) - 3*m(u). Let x(n) = 4*w(n) - 3*z(n). Give x(-1).
-4
Suppose -j + 1 = -0*j. Let g be 0/2 + 0 + j. Let c(k) = -21*k**2 + 7*k + 10. Let t(z) = -14*z**2 + 5*z + 7. Let u(r) = 5*c(r) - 7*t(r). Determine u(g).
-6
Let c be ((-12)/(-7))/(1/7). Suppose 0 = -b + 5*b + c. Let m(l) = l**3 + 3*l**2. Calculate m(b).
0
Let r = 1 - 3. Let s be r + 1 - (-1 + -1). Let q = -3 + s. Let o(u) = u**3 + 3*u**2 + 2*u + 3. Calculate o(q).
3
Let o(l) be the third derivative of 7*l**6/120 - l**5/60 - l**4/24 + l**3/6 - 5*l**2. Determine o(1).
6
Let g(b) = -2*b - 3. Suppose 4*y = y + 6. Suppose -5*r = -n + 357, y*n - 276 = 4*r - 2*n. Let p be 3/2 + r/16. Determine g(p).
3
Let l(q) = q**3 + 3*q**2 + 3*q + 2. Let b(w) = 2*w - 1. Suppose 2*i - 5*d = 5*i - 1, -i + 1 = d. Suppose -i*o - 4 = -2. Let m be b(o). What is l(m)?
-7
Let j(o) = -2*o - 1. Let x(s) = -s**2 + 2*s + 2. Let g(f) = 3*j(f) + 2*x(f). Let a be 4/(-14) - (-16)/7. Let u be a/1*-1 - 0. Give g(u).
-3
Let t(l) = -l**3 + 5*l**2 - 4*l + 2. Let q be t(4). Let n be 4*1/q - 0. Suppose 5*v = -n*o - 5 + 2, 0 = -3*o + 3. Let b(c) = -2*c. Calculate b(v).
2
Let h(y) = y**3 + 5*y**2 - 3*y + 8. Suppose -6 = -5*w + 4, 4*p - 5*w + 34 = 0. What is h(p)?
-10
Let q be 5 + (-3 - (-4 - 1)). Suppose -4*v + 2*z + 22 = 0, -16 = -3*v - 5*z + q. Let y(j) = j + 4. What is y(v)?
10
Let z(m) = -m**3 - 4*m**2 - 3*m - 2. Suppose 4*y + 101 - 85 = 0. Calculate z(y).
10
Suppose -2 = -2*r + r. Let k(m) = 0 + 0 + 3 + r*m**2 - m + 0 + m**3. Let t(h) = -3*h + 3. Let q be t(2). Calculate k(q).
-3
Let h be 3*(1 + 0) - -2. Let b(d) be the third derivative of d**4/24 - d**3/3 - 3*d**2. Give b(h).
3
Let x(a) = -a + 2. Suppose 0 = 4*f + 5*w - 17, 5*f = w + 25 - 11. Calculate x(f).
-1
Let s(d) = d**3 - 5*d**2 + 3*d + 3. Let z be s(4). Let h(k) = -10*k**2 + 2*k + 4. Let b(o) = o**2 - 1. Let u(t) = -3*b(t) - h(t). Determine u(z).
8
Let o(p) = -3*p + 6. Let a(h) = 5*h**3 + 2*h**2 - 5*h + 2. Let s be a(1). Calculate o(s).
-6
Let y be (-7)/28 - 10/(-8). Suppose l - y = 1. Suppose -l*q = 2*s - 8, -2*s - 4 = -4*q - 0. Let r(w) = -w + 1. Give r(q).
-1
Let b(a) = 3*a - 2 - a**2 + 2. Let y be b(3). Let p(c) be the third derivative of -c**5/60 + 5*c**3/6 - c**2. Calculate p(y).
5
Suppose 0 = -g - 2 + 8. Let a(s) = s**2 - 6*s - 7. Determine a(g).
-7
Let a be 1*(1 + 1) - -2. Suppose -a*v - 2*o = 5 + 7, -3*v = 2*o + 9. Let r be (-3 - v/1)/1. Let y(k) = k - 5. Determine y(r).
-5
Let a(c) = 1. Let r(s) = -s + 9. Let t(p) = -18*a(p) + 2*r(p). Give t(-5).
10
Let n(z) = -4*z**3 + 8*z**2 + 5. Let b(f) = 5*f**3 - 9*f**2 + f - 4. Let i(m) = -3*b(m) - 4*n(m). Calculate i(6).
10
Let c(q) = -2*q**2 - 4*q - 1. Suppose 0 = 3*n - 21 - 6. Suppose n = -m - 2*m. Calculate c(m).
-7
Let g = -7 + 10. Suppose -2*y = -0*y - 2*f + 4, 0 = g*y - 5*f. Let d(p) = p**2 + 3*p - 5. Give d(y).
5
Let b = -4 - -6. Suppose -3*d - b*q = -0*q + 13, -3 = 3*d - 3*q. Let l(o) = o**2 - 1. Let f(c) = -4*c**2 - 3*c - 1. Let i(t) = f(t) + 3*l(t). Give i(d).
-4
Let b(r) be the third derivative of -r**5/60 - 3*r**4/8 - 7*r**3/6 - r**2. Let t(m) = -m - 1. Let a(h) = b(h) - 6*t(h). Calculate a(-4).
-5
Let u(f) = f - 6. Let g be (5 + -1 - -20)/2. Give u(g).
6
Let j be (6/4)/(12/32). Let d(u) = j + u**2 + 6 - 7*u - 4. Calculate d(5).
-4
Let m = 6 - 3. Let w(h) = h**3 + h**2 - h. Let y(o) be the first derivative of -3*o**4/2 - 2*o**3/3 + 2*o**2 - o + 2. Let f(g) = m*w(g) + y(g). What is f(1)?
-2
Let n(p) = 2*p**3 - 1. Suppose -2*l + 3 - 1 = 0. Determine n(l).
1
Suppose -4*p = 5*k + 1, -4*k + 23 = -p + 7. Suppose -4*q = 5*s + 34, -2 - 1 = k*q. Let w(t) = -t**3 - 6*t**2 + t + 1. Determine w(s).
-5
Let q(x) be the first derivative of -x**4/4 - x**3/3 + x**2/2 - 28. Determine q(-2).
2
Let d(y) = -2*y - 2. Let g(n) be the first derivative of 3*n**2 + 6*n + 2. Let l(s) = 16*d(s) + 5*g(s). What is l(-5)?
8
Let l(q) = q**2 + 7*q + 4 + 5 - 2. What is l(-5)?
-3
Let i(x) = -5*x**2 - 1. Suppose 0 = -6*w + 15*w + 18. What is i(w)?
-21
Let u(w) = -5*w**3 - 10*w**2 - 3. Let p(c) = -14*c**3 - 29*c**2 - c - 8. Let l(a) = -6*p(a) + 17*u(a). What is l(4)?
21
Let m(s) = s**3 - 7*s**2 + 9*s - 18. Let b be m(6). Let u(l) = l**3 + l**2 + l + 2. What is u(b)?
2
Let k(w) = -9*w**2 - 2*w + 0 + 10*w**2 + 2 - 1. Let r = 28 - 20. Suppose -4*m = 4*t + r, -2 = m + 2*t + 3. Determine k(m).
0
Let l(w) = -5*w - 16*w + 22*w - 11. Calculate l(0).
-11
Let g(i) = -i**2 + 2*i + 2. Let j be 3/12 + (-10)/8. Let c be (1 - j)/((-4)/30). Let t be 24/c*5/(-2). Calculate g(t).
-6
Let a(u) be the second derivative of 7*u**4/4 - u**3/6 - u**2/2 - 45*u. Determine a(-1).
21
Let a be ((-6)/(-1 + 2))/(-2). Let h(p) = 0 - 2 - a - p. Calculate h(-6).
1
Let z = -29 - -148/5. Let c(u) be the second derivative of 0 + 1/6*u**3 + u - 1/2*u**2 - 1/12*u**4 + z*u**5. Calculate c(1).
11
Let r(k) = -k**2 - 3*k - 4. Let g(x) = x**2 + 2*x + 3. Let d(l) = -4*g(l) - 5*r(l). Give d(-6).
2
Let v = -30 + 26. Let j(s) = s + 9. Give j(v).
5
Let t(k) = -k**3 + k**2 - k - 2. Let b be (-5)/((-15)/2)*6/2. What is t(b)?
-8
Let l(b) = b + b**3 - 2 - 7 + 2. What is l(0)?
-7
Let h(c) = -3*c + 4. Let r(s) be the second derivative of s**5/20 - 2*s**2 - 10*s. Let b be r(2). Determine h(b).
-8
Let p(l) = l**3 - 7*l**2 + 3*l + 7. Suppose -4*f - 42 = -5*h, -2*h + 2 + 13 = -f. Determine p(h).
-11
Let g(v) be the second derivative of -4*v**3/3 - 12*v. Give g(1).
-8
Suppose 3*h + 3 + 3 = 0. Let r(c) = -c**3 - 5*c**2 - c - 7. Let z be r(-5). Let o = h - z. Let p(l) = -l + 1. Give p(o).
1
Let i(l) be the third derivative of l**6/24 - l**4/24 + 71*l**2 - l. What is i(-1)?
-4
Let i(g) = -g**2 + g + 2. Let m(q) = 3*q**2 - 2*q - 6. Let b(u) = 17*i(u) + 6*m(u). Calculate b(-7).
12
Let n(c) = -3*c**2 - 159 + 161 + 0*c**2. Calculate n(2).
-